11/2*o**2. What are the prime factors of a(-8)?
2, 19
Let g(i) = -2*i**3 - 22*i**2 + i + 15. Let t be g(-11). List the prime factors of 89 + -4 + (t - -1).
2, 3, 5
Suppose -4*u + 2*z = -2956, -11*u + 3*z + 1486 = -9*u. What are the prime factors of u?
11, 67
Suppose 0 = 3*h + 32*n - 33*n - 4402, -3*h = 3*n - 4386. What are the prime factors of h?
2, 733
What are the prime factors of 12/15*3330/36?
2, 37
Let d(r) = 17*r**2 + 15*r + 5. List the prime factors of d(-4).
7, 31
Let a(i) = 26*i**2 + 4*i - 1. List the prime factors of a(-6).
911
Let x(y) = -y**2 + 12*y + 15. List the prime factors of x(9).
2, 3, 7
Suppose 3*q - 21 = 135. Suppose -q*x + 53*x = 107. What are the prime factors of x?
107
Let v be 2*1/(-8) + (-102)/(-24). Suppose 5*d + 2*w - 281 = 0, v*d + w - 226 = -w. What are the prime factors of d?
5, 11
Suppose 4*z - 5*x + 7 = 0, 4*z + 5*x = -0*z - 57. Let f be (z/14)/(2/(-14)). Suppose -w - a = -32 + 1, 0 = w + f*a - 40. What are the prime factors of w?
2, 7
Suppose 3*j = 8*j - 120. Let z be 2/(-1 + 0) + j. What are the prime factors of 6/4 - (-11)/z?
2
Let d = 61 + -35. Let w = d + 40. What are the prime factors of 1/((2 - -1)/w)?
2, 11
Suppose 5*w + 4 = 7*w. Suppose 5*b = -4*m, 0 = w*m + 2*m + 4*b - 4. Suppose l - 65 + 13 = -2*c, 0 = -m*c - 4*l + 133. List the prime factors of c.
5
Suppose 0*i - 3*i + 665 = -2*k, 3*i - k - 661 = 0. List the prime factors of i.
3, 73
Let z be (-1 - 15/(-10))*(6 + 0). Suppose 0 = -5*v + 2 - 7, -5*v + 304 = z*b. What are the prime factors of b?
103
Let o(n) = 6*n**2 - 6*n - 24. List the prime factors of o(6).
2, 3, 13
Suppose 58*w = 60*w - 10. Let y be (8/(-12))/((-4)/258). Suppose g + 11 + y = w*r, -5*r + 3*g = -52. List the prime factors of r.
11
Suppose 5*x = 4*r - 385, x - 5*r = -0*r - 98. Let z = x + 118. List the prime factors of z.
3, 5
Let a(t) = -30*t**2 - t + 1. Let b be a(1). Let y(s) = 3*s**2 + 9*s - 16. Let v be y(-7). Let r = v + b. List the prime factors of r.
2, 19
Let i(y) = y**2 - 3*y + 8. Suppose 4*a = 5*k + 24 - 4, 0 = -2*k - 4*a + 20. Suppose k = -c + 4*x + 1 - 3, -2*x = 2*c - 16. What are the prime factors of i(c)?
2, 13
Let h(i) = -i**2 + 4*i + 3. Let j be h(4). Suppose 2*s - 271 = -j*s + 4*r, -8 = 2*r. List the prime factors of s.
3, 17
Suppose 3*o + 7 = -2. Let q be o/(27/75)*3. List the prime factors of (-15)/q + 182/5.
37
Let p(u) = -35 + u + 5 - 7*u. What are the prime factors of p(-9)?
2, 3
Suppose 519 = -4*p - 2*t + 2655, -p + 543 = -4*t. List the prime factors of p.
5, 107
Let n(i) = -32*i**2 + 4*i - 5. Let q be n(1). Let y = -16 - q. List the prime factors of y.
17
Let b = 24 - 22. Suppose s = -b*s + 186. What are the prime factors of s?
2, 31
Let v(u) = u**2 + 6*u + 5. Let l be v(-5). Suppose 3*f = -l*f + 180. Let y = 100 - f. What are the prime factors of y?
2, 5
Let j = 8385 + -3710. List the prime factors of j.
5, 11, 17
Suppose 10549 + 19772 = 9*a. List the prime factors of a.
3, 1123
Let l(r) = -r**2 - 39*r - 155. What are the prime factors of l(-30)?
5, 23
Let t = -11 + -29. What are the prime factors of (-567)/(-5) - (-16)/t?
113
Suppose 2*l + 5 - 57 = 0. Suppose 2*m = l + 28. What are the prime factors of m?
3
Let g(v) be the second derivative of 9*v + 13/2*v**2 - 13/6*v**3 - 1/12*v**4 + 0. List the prime factors of g(-11).
5, 7
Let a = 7 - 2. Suppose -4*i = 20, -a*y - 5*i - 17 = -3*y. Suppose 0 = -y*u + 19 + 17. List the prime factors of u.
3
List the prime factors of (-7)/35 - (-9522)/10.
2, 7, 17
Suppose 3*u - 2*j = 305, -2*u + 2*j = -2*j - 190. What are the prime factors of (36/30)/(3/u)?
2, 3, 7
Suppose 8670 = 7*z + 2244. What are the prime factors of z?
2, 3, 17
Let o(a) = -a**2 + 5*a + 18. Let v be o(8). Let u be (v/(-5))/(12/160). Suppose -u = r - 3*r. What are the prime factors of r?
2
What are the prime factors of (-35959)/(-49) + (-4)/(-28)?
2, 367
Suppose 5*q - 45 = -5*c, 3*c = 4*q - 96 + 25. Let t = -12 + q. Suppose t*k = 7*k - 150. List the prime factors of k.
2, 3, 5
Suppose -p + 5*k = 2*k - 159, -5*p = -5*k - 825. Let c = p + -321. List the prime factors of (-4318)/c + (-4)/18.
2, 7
Let t(w) = -w**2 - 8*w. Let c be t(-8). Suppose 2*a + 5*j - 490 = c, 2*a + 0*j = 3*j + 522. Suppose a = 5*v + 20. List the prime factors of v.
47
Suppose 6*b = -2*b + 1688. List the prime factors of b.
211
Let u(k) be the first derivative of 2*k**2 - 6*k + 8. Let q be u(-6). What are the prime factors of (-4 + 1)*470/q?
47
Let f(q) = -98*q + 19. What are the prime factors of f(-3)?
313
Suppose 1608*r - 1612*r + 544 = 0. What are the prime factors of r?
2, 17
Let y(b) = b**3 + 36*b**2 - 22*b + 8. List the prime factors of y(-35).
2003
Let k = 21 + 75. List the prime factors of k.
2, 3
Let l(w) = -2*w - 1. Suppose -3*b - b - 5*g = -3, 0 = g + 1. Let h be l(b). List the prime factors of (-1 - 0)/(1/h).
5
Suppose -22 = -2*q + t, -2*q = -0*q + 5*t - 22. Suppose 69 - q = -2*o. Let f = 46 + o. List the prime factors of f.
17
Suppose -10*q + 13*q - 189 = 0. Let d = 145 - q. List the prime factors of d.
2, 41
Let x(l) = -47*l + 286. What are the prime factors of x(-31)?
3, 7, 83
Let b(q) = -q**2 + q + 177. Let i = -44 + 44. What are the prime factors of b(i)?
3, 59
Let b(t) = -t + 9. Suppose 0*o = 4*o - 24. Let v be b(o). Suppose 5*j = -5*u + 170, -2*j + 38 = u - v*j. What are the prime factors of u?
2, 3
Let w be 921/(1 + 3 + -1). Suppose 5*n - w - 8 = 0. What are the prime factors of n?
3, 7
Let c = -1812 + 2919. What are the prime factors of c?
3, 41
Let t(n) = n**2 + 4. Let s be t(6). Suppose 5*h - s = 440. Suppose 3*a - 5*v - h = 0, 3*a + v = 3*v + 105. What are the prime factors of a?
37
Suppose h - 5*h - 2*o + 22 = 0, 1 = 2*h + 3*o. Suppose -3*n + h = -n. Suppose 0 = -n*w + 100. What are the prime factors of w?
5
Let y be 3 + -2 + -1 - 49. Let q = 114 + y. What are the prime factors of q?
5, 13
Let x(w) = 5*w**3 + 2*w**2 - 69*w - 8. What are the prime factors of x(7)?
2, 661
Suppose 10 = -h + 3*h. Suppose -h*i + 6*i - 59 = 0. List the prime factors of i.
59
Let u be 1/(-1) + 11/1. Suppose 0 = -2*r + 4*d - 10, -5*r + 2*d + 50 = 7*d. Suppose -u = k + 3*i, -3*i + 0*i - 40 = -r*k. What are the prime factors of k?
5
Let t = 1781 + -955. What are the prime factors of t?
2, 7, 59
Suppose 0 = -x + 2*b - b, 2*x + 9 = 5*b. Suppose -492 = -9*u + x*u. List the prime factors of u.
2, 41
Let l = -118 + 126. Let n = l - -7. What are the prime factors of n?
3, 5
Let g = 91 + -112. Let w = g + 134. List the prime factors of w.
113
Let n(p) = 126*p**2 - p - 2. What are the prime factors of n(2)?
2, 5
Let v(f) = 21*f + 99. What are the prime factors of v(20)?
3, 173
Suppose -q = -2*k + 413, -q = -3*k + q + 622. Suppose 3*t - 156 = k. Suppose 5*a - t = -0*a. List the prime factors of a.
2, 3
Let i = -612 + 1083. What are the prime factors of i?
3, 157
Suppose 0 = -3*u - 3, -2*t + 5*u + 10 = u. Suppose -2*z + 518 = t*m - 3*z, -3*m = -5*z - 526. List the prime factors of m.
2, 43
What are the prime factors of 45/(-225) - (-4961)/5?
2, 31
Suppose -3*g = -5*g + 5*s + 16, -4*g = 3*s - 6. Suppose -97 = -5*l + 293. Suppose j + g*r - l = -4*j, 5*r = 5*j - 110. What are the prime factors of j?
2, 3
Let m(x) = 21*x**2 - 32*x + 8. List the prime factors of m(6).
2, 11, 13
Suppose 3*m = -3*p - 75, -5 = p - 3. Let t = 71 + m. What are the prime factors of t?
2, 3
Suppose -65*z + 9345 = -50*z. What are the prime factors of z?
7, 89
Let f(s) = 3*s - 1. Suppose -4 - 4 = 2*n. Let x = n + 9. List the prime factors of f(x).
2, 7
Let i(w) = -w + 17. Let l be i(16). Let p(u) = -13*u**3 + u**2 - 2*u + 1. Let f be p(l). Let h = 31 + f. What are the prime factors of h?
2, 3
Let z(o) = 2*o**2 - o + 14. Let b(m) = -15. Let i(u) = 3*b(u) + 2*z(u). List the prime factors of i(7).
3, 5, 11
Suppose -611 = 2*u - 3057. What are the prime factors of u?
1223
Suppose 11*y + 47*y - 78938 = 0. List the prime factors of y.
1361
Let n(j) = -j**3 + 7*j**2 - 4*j + 1. Let c be n(5). Suppose c = -m - 4*o, -o - 72 = 4*m + 2*o. Let i = -12 - m. What are the prime factors of i?
3
Let p = 1369 + -946. What are the prime factors of p?
3, 47
Let r(s) = 2*s**2 - 32*s + 22. What are the prime factors of r(19)?
2, 17
Let i(l) = -l**2 + 21*l - 32. Let g be i(19). Suppose -2*m - 1 = -x + 5, x - 4*m - g = 0. What are the prime factors of